mon divisor of 132 and 60?
12
What is the greatest common factor of 795 and 15?
15
What is the greatest common factor of 555 and 37?
37
What is the highest common factor of 1100 and 110?
110
What is the greatest common divisor of 80 and 248?
8
Calculate the greatest common factor of 485 and 291.
97
Calculate the greatest common factor of 8 and 5.
1
Calculate the greatest common divisor of 1978 and 322.
46
Calculate the greatest common factor of 1679 and 73.
73
What is the highest common factor of 759 and 33?
33
Calculate the greatest common divisor of 66 and 44.
22
What is the highest common factor of 5640 and 840?
120
What is the highest common divisor of 258 and 817?
43
Calculate the highest common factor of 210 and 1710.
30
Calculate the greatest common divisor of 104 and 56.
8
What is the highest common divisor of 16261 and 322?
161
What is the highest common factor of 464 and 87?
29
Calculate the greatest common factor of 176 and 55.
11
Calculate the highest common divisor of 5008 and 16.
16
What is the highest common divisor of 12 and 1212?
12
What is the highest common factor of 25 and 15?
5
What is the greatest common divisor of 559 and 2275?
13
What is the highest common factor of 420 and 180?
60
What is the greatest common divisor of 375 and 165?
15
Calculate the greatest common divisor of 2486 and 66.
22
What is the greatest common factor of 22125 and 354?
177
Calculate the greatest common factor of 855 and 435.
15
What is the highest common factor of 8159 and 287?
41
What is the greatest common divisor of 765 and 9?
9
What is the greatest common divisor of 2898 and 1134?
126
Calculate the highest common factor of 352 and 440.
88
What is the highest common factor of 979 and 209?
11
What is the greatest common divisor of 59 and 2891?
59
What is the highest common divisor of 55 and 3751?
11
Calculate the greatest common divisor of 528 and 32.
16
What is the highest common factor of 528 and 1144?
88
Calculate the greatest common factor of 180 and 2025.
45
Calculate the highest common divisor of 245 and 392.
49
What is the greatest common divisor of 24 and 1392?
24
What is the greatest common factor of 377 and 13?
13
What is the highest common factor of 9344 and 32?
32
What is the greatest common divisor of 340 and 14450?
170
What is the highest common factor of 1578 and 24?
6
Calculate the greatest common factor of 28 and 60312.
28
What is the highest common divisor of 1397 and 55?
11
What is the highest common divisor of 144 and 84?
12
What is the greatest common divisor of 2501 and 61?
61
Calculate the greatest common divisor of 3224 and 104.
104
Calculate the highest common factor of 240 and 10.
10
Calculate the greatest common factor of 1230 and 697.
41
Calculate the highest common divisor of 14 and 224.
14
What is the greatest common factor of 77 and 105?
7
Calculate the greatest common divisor of 41 and 205.
41
What is the greatest common divisor of 34 and 2193?
17
What is the greatest common factor of 6290 and 148?
74
What is the highest common factor of 27 and 9531?
27
What is the highest common divisor of 288 and 40?
8
Calculate the greatest common divisor of 55 and 31900.
55
Calculate the greatest common factor of 261 and 9.
9
Calculate the highest common factor of 38274 and 6.
6
Calculate the greatest common divisor of 235 and 141.
47
What is the highest common divisor of 268 and 32?
4
Calculate the highest common divisor of 39 and 12.
3
What is the highest common factor of 5 and 16?
1
Calculate the greatest common divisor of 130 and 50.
10
What is the highest common divisor of 102 and 60?
6
Calculate the highest common factor of 36 and 990.
18
What is the highest common divisor of 11684 and 23?
23
What is the greatest common factor of 60 and 4?
4
Calculate the highest common factor of 96 and 48.
48
Calculate the greatest common factor of 60 and 1620.
60
What is the highest common factor of 82 and 533?
41
What is the highest common divisor of 52 and 182?
26
Calculate the highest common factor of 305 and 205.
5
Calculate the greatest common factor of 25 and 2.
1
What is the highest common factor of 1711 and 767?
59
What is the greatest common divisor of 79092 and 36?
36
What is the greatest common factor of 4 and 40?
4
Calculate the greatest common factor of 12300 and 300.
300
What is the greatest common divisor of 32 and 1928?
8
Calculate the highest common divisor of 4 and 252.
4
Calculate the greatest common factor of 5 and 13310.
5
Calculate the greatest common divisor of 361 and 133.
19
Calculate the greatest common factor of 96 and 336.
48
Calculate the highest common factor of 108 and 60.
12
What is the greatest common factor of 150 and 200?
50
What is the greatest common divisor of 18 and 2637?
9
Calculate the greatest common divisor of 1633 and 213.
71
What is the highest common factor of 369 and 984?
123
What is the highest common divisor of 2 and 26?
2
Calculate the highest common divisor of 748 and 176.
44
What is the highest common factor of 646 and 34?
34
Calculate the highest common factor of 68 and 85.
17
Calculate the highest common divisor of 21 and 5383.
7
What is the highest common factor of 27 and 729?
27
Calculate the highest common divisor of 11 and 209.
11
What is the greatest common factor of 35 and 1708?
7
Calculate the highest common factor of 10 and 652.
2
Calculate the highest common divisor of 192 and 120.
24
Calculate the greatest common factor of 4279 and 22.
11
What is the highest common divisor of 42 and 406?
14
Calculate the greatest common factor of 3 and 4.
1
Calculate the greatest common factor of 4944 and 2163.
309
What is the greatest common divisor of 1315 and 20?
5
Calculate the greatest common divisor of 78 and 52.
26
What is the highest common divisor of 18 and 702?
18
What is the highest common factor of 323 and 17?
17
What is the highest common divisor of 1275 and 125?
25
Calculate the greatest common factor of 22 and 99.
11
What is the highest common factor of 120 and 6816?
24
Calculate the highest common factor of 15 and 4.
1
What is the highest common divisor of 225 and 99?
9
Calculate the greatest common factor of 112 and 28.
28
What is the highest common divisor of 12448 and 32?
32
What is the greatest common factor of 1148 and 301?
7
Calculate the highest common divisor of 126 and 966.
42
Calculate the greatest common factor of 4 and 4954.
2
What is the highest common factor of 14 and 1162?
14
What is the highest common divisor of 104 and 130?
26
What is the highest common divisor of 27 and 1161?
27
What is the greatest common divisor of 3729 and 99?
33
What is the highest common factor of 42 and 392?
14
Calculate the greatest common factor of 78 and 442.
26
What is the highest common factor of 15 and 155?
5
What is the highest common divisor of 27 and 36?
9
What is the greatest common factor of 57 and 95?
19
Calculate the greatest common divisor of 11 and 671.
11
What is the greatest common factor of 26 and 1807?
13
Calculate the greatest common factor of 371 and 53.
53
What is the highest common divisor of 459 and 17?
17
What is the greatest common divisor of 42 and 196?
14
What is the greatest common divisor of 230 and 1334?
46
Calculate the greatest common divisor of 6223 and 381.
127
What is the greatest common divisor of 15 and 4755?
15
What is the highest common divisor of 660 and 810?
30
What is the greatest common factor of 42 and 266?
14
Calculate the greatest common divisor of 121 and 198.
11
What is the highest common divisor of 232 and 986?
58
Calculate the greatest common factor of 111 and 259.
37
What is the highest common divisor of 18 and 2286?
18
What is the greatest common divisor of 42 and 1498?
14
What is the greatest common divisor of 27 and 4491?
9
Calculate the highest common factor of 34 and 391.
17
Calculate the greatest common divisor of 240 and 30.
30
What is the greatest common divisor of 57278 and 26?
26
Calculate the highest common divisor of 4 and 18.
2
Calculate the highest common divisor of 357 and 84.
21
What is the greatest common divisor of 30 and 44130?
30
What is the highest common factor of 2628 and 564?
12
What is the greatest common factor of 45 and 45?
45
Calculate the greatest common factor of 2227 and 34.
17
Calculate the hig